9*f. List the prime factors of q(7).
281
Let x(g) be the third derivative of g**5/10 - g**4/3 + 23*g**3/6 + 9*g**2 + g. List the prime factors of x(-6).
7, 41
Suppose 0 = 6*p - p + 1895. Let q = 275 + -527. Let z = q - p. What are the prime factors of z?
127
What are the prime factors of (-752)/(8 + 0)*(-179 + (-4)/(-4))?
2, 47, 89
Let f = 12622 + -8707. What are the prime factors of f?
3, 5, 29
Let o(c) = 6006*c - 3050. What are the prime factors of o(7)?
2, 2437
Suppose 3*m - 550 = 2*w, 1 = -3*w + 13. Let n = m - 60. Suppose 2*a - a - n = 0. List the prime factors of a.
2, 3, 7
Let g be (7 - 9)*(-9)/(-6). Let q be (g - -2)*-1 + -3 + -52. Let o = -23 - q. What are the prime factors of o?
31
Let k be -18 + 5 + (-2 + -1)/(-1). List the prime factors of (-14)/k + 75978/105.
5, 29
Let l = -46 + 49. Suppose 4*m + 5 = -l. What are the prime factors of (-4215)/(-45) + m/3?
3, 31
Let z(b) = -27*b**3 - 4*b**2 + 2*b + 8. Let g be z(-2). What are the prime factors of 2*366/8*g/18?
17, 61
Let o = -1514 - -1514. Suppose 0*g - 214 = -2*p - 2*g, 0 = p + 5*g - 115. Suppose -k = -o*k - p. What are the prime factors of k?
3, 5, 7
Let z = -90 + 94. Let g be 4/((z + -3)/1). What are the prime factors of -2 + (g*1 - (14 + -193))?
181
Let a(b) = b**2 + 7*b + 20. Let p be a(-10). Let v be 0/(-4) + (-3)/(-1) + p. Suppose -d + 3*h + 72 = 0, 71 = 2*d - 2*h - v. List the prime factors of d.
3, 19
Let o = -17477 - -26146. What are the prime factors of o?
8669
Let n(s) = -12*s**2 + 5*s + 15. Let w be n(-3). Let t = w - -110. Suppose 2*g - t*m = 266, 3*g + 0*m = 2*m + 398. List the prime factors of g.
2, 3, 11
Suppose 3*t = 0, -7*z - 20 = -2*z - t. Let j be (-717)/z + (90/(-24))/(-5). Suppose j = k + k. What are the prime factors of k?
2, 3, 5
Let i(k) = k**3 + k**2 + 6*k + 7. Let g be i(5). Suppose 397 = 4*b - g. What are the prime factors of b?
2, 73
Let n(t) = 2*t + 10. Let a be n(-4). Suppose d = i + 6, i - a = -2*d + 1. What are the prime factors of d + (0/(-2))/2?
3
Suppose -3*q = -4*d + q + 80, 0 = 2*d - q - 38. Let j be (-2)/(-4) + 171/d. What are the prime factors of ((-222)/(-5))/(4/j)?
3, 37
List the prime factors of (-24)/28*((-32817180)/342 - (0 - -4)).
2, 20563
Let s be (-591)/(-15) + (-36)/(-10) + -4. Let c = s + -38. List the prime factors of 3 + c + 113 + 4.
11
Suppose -4*m - 12 = 0, -4*g = -3*m + 6*m + 25. List the prime factors of g*(-3)/(-60) - (-2401)/5.
2, 3, 5
Let a = -153 + 169. Suppose 5*i - 5*c + 617 = 2797, -5*c + 1276 = 3*i. What are the prime factors of (i/64)/(0 - (-3)/a)?
2, 3
Suppose -y = -3*a + 31417, 5*y - 1776 = -2*a + 19180. List the prime factors of a.
3, 3491
Let f(q) = 32*q**2 - 13*q - 36. Let v be f(-7). Let z = v - 594. What are the prime factors of z?
3, 7
Let a = -26 - -39. Let g(c) = 16*c + 2*c**2 - a*c**2 - 3*c**3 + 2*c**2 + 4*c**3 - 8. List the prime factors of g(7).
2, 3
Let b = 1427 - -2599. List the prime factors of b.
2, 3, 11, 61
Let o(k) be the first derivative of 2*k**3/3 - 15*k**2/2 + 11*k - 69. What are the prime factors of o(18)?
389
Let r(w) = 195*w - 4058. List the prime factors of r(80).
2, 29, 199
Suppose 0 = 2*p - 32*p + 1470. List the prime factors of 9 + p*(-7 - -26).
2, 5, 47
Let h = -33 - -51. Suppose -6*o = -7*o + 17. Suppose -h*r = -19*r + o. List the prime factors of r.
17
Let z(x) = x**2 + 10 - 9*x + 0*x**2 + 3*x. Let v be z(4). Suppose -4*n + 96 = -v*n. What are the prime factors of n?
2, 3
Let n = -135 + 175. Suppose -2*h + 2 + n = 0. What are the prime factors of h?
3, 7
Let m(a) = a**3 - 9*a**2 + 9*a + 4. Let i = -24 + 32. Let g be i/(-3 - (4 + -8)). What are the prime factors of m(g)?
2, 3
Let z(g) = 38*g**2 + 144*g + 273. What are the prime factors of z(26)?
5, 13, 457
Let y be (27/18)/(2 + (-44)/16). List the prime factors of (-5 - -1)*y + 1009.
3, 113
Suppose -7406 + 86 = 15*i. Let d = -72 - i. List the prime factors of d.
2, 13
Suppose -30*r + 25*r = -2785. Let y = r + -331. Suppose 0 = -0*f + f - y. List the prime factors of f.
2, 113
Let f(r) = 168*r**2 + 376*r - 1882. What are the prime factors of f(5)?
2, 2099
Suppose 0 = 15*k + 96*k - 54*k - 21204. What are the prime factors of k?
2, 3, 31
Suppose 5*q = -10*q + 735. Let z = 383 + q. What are the prime factors of z?
2, 3
Suppose -2 = -2*v + 5*j + 65, 2*v + 3*j - 43 = 0. Suppose -v*m = -6*m - 6280. List the prime factors of m.
2, 157
Suppose -2*j + 49160 = 5*d + 6995, 3*d = j - 21044. What are the prime factors of j?
5, 11, 383
Suppose -4*w - 42848 = -q, 0 = -5*w + 31 - 26. List the prime factors of q.
2, 3, 3571
Let l(o) = -2*o**2 + 13*o - 13. Let h be l(6). Let a = 223 - h. Suppose -123*s + 128*s - a = 0. What are the prime factors of s?
2, 23
List the prime factors of ((-7)/(-28))/((-49)/(-5873532)).
3, 7, 1427
Suppose 0 = -4*j + 2*c + 36, -j = -6*j + 4*c + 39. List the prime factors of 5 + -1 + (3 - j) - -370.
2, 3, 61
Suppose 2*t + 62 - 22 = -5*n, 4*n - 3*t = -55. Let l(y) = 5*y**2 - 8*y - 86. What are the prime factors of l(n)?
2, 13, 19
Suppose 2*m - 5712 = -z - 4*z, 2*z = m - 2865. Let l = 4216 - m. What are the prime factors of l?
5, 271
List the prime factors of -61 + 60906 - (17 - 5).
127, 479
Let s = -1126 - -4488. What are the prime factors of s?
2, 41
Let y(d) = 7*d**2 - 10*d + 64. Let i = -286 + 291. What are the prime factors of y(i)?
3, 7
Suppose -3*u - 3*k + 6078 = 0, -2*u + 4058 = -6*k + 2*k. Suppose 5*d + 2535 = 10*d + 4*y, -4*d = 3*y - u. List the prime factors of d.
503
What are the prime factors of 954386/58 - (-324)/4698?
3, 5, 1097
Let y(s) = -20 - 4*s + 5*s - 3*s - 10*s. Let a(v) = 12*v + 19. Let l(m) = 4*a(m) + 3*y(m). What are the prime factors of l(9)?
2, 31
Let n = -92 - -75. Let o = n - -19. Suppose -o*q + 6 = -10. List the prime factors of q.
2
Let u(a) = 1013*a**3 + 3*a**2 - 96*a + 393. What are the prime factors of u(4)?
11, 17, 347
Let d = 93 + -31. Suppose 11*f = -7 + d. Suppose -2*h = f*z - 3*h - 214, -4*z + 170 = -2*h. List the prime factors of z.
43
Suppose 3*v = -3*c + 6, -v + 5*c + 4 = -4. Suppose 0 = q + 2*n - 175, v*q = 2*q + 3*n + 200. List the prime factors of q.
5, 37
Suppose 282*y - 200*y = 140*y - 474324. List the prime factors of y.
2, 3, 29, 47
Suppose -i = -4*o + 40, -2*o + i + 30 = -2*i. Let n = o + 16. What are the prime factors of n?
5
Suppose 75*a - 498765 = 90*a - 56*a. What are the prime factors of a?
3, 5, 811
Suppose f + 3249 = -18*f. List the prime factors of (-17841)/f*(4 + -1).
313
Suppose -26*c + 21*c = -20. Suppose -2*o = -4*q - 46, c*q + 6*o = 2*o - 52. What are the prime factors of (-1316)/(-10) + 1/(20/q)?
131
Let m(q) be the third derivative of q**5/60 + q**4/12 + 5*q**3/6 + 14*q**2. Let r be m(-4). Suppose -196 = -r*u + 9*u. What are the prime factors of u?
7
Let q(s) be the second derivative of -2*s**3/3 + 12*s**2 + 47*s. Let o be q(8). What are the prime factors of ((o/3)/(-2))/((-88)/(-17292))?
2, 131
Suppose -1624 = -35*s + 7*s. Suppose -s*j = -54*j - 212. What are the prime factors of j?
53
Suppose w = -4*g - 2*w - 42, -3*g - w - 34 = 0. Let o = -18 - g. What are the prime factors of o/(-3) - (-5)/(15/54)?
2, 5
Suppose 0 = 3*r - 28 + 10. Suppose 3*g + 1146 = 5*b, -2*b + r*b + 3*g - 933 = 0. What are the prime factors of b?
3, 7, 11
Let f = -52 + 56. Suppose 0 = f*z - 17*z + 1209. Let c = z - -22. List the prime factors of c.
5, 23
Let r = -190 - -193. Let b = -32 - -37. Suppose -r*y = b*g + y - 551, 5*g = -5*y + 550. What are the prime factors of g?
3, 37
Suppose -27 = -2*g - 15. Suppose -g*u - 6*u = -6372. What are the prime factors of u?
3, 59
Let h(y) = y**3 + 8*y**2 + 14*y + 9. Let b be h(-5). List the prime factors of (16 - b)/((-1)/(-379)).
2, 379
Suppose -25*o - 162427 - 95911 + 1651013 = 0. What are the prime factors of o?
3, 31, 599
Suppose 4*y - 3543 + 1263 = 0. Suppose 0 = h - 4*b - 171, -3*h + 4*b - 17 + y = 0. What are the prime factors of h?
191
Let b be (-114)/((30/(-4))/5). Suppose 132 - 594 = -11*k. Let z = b - k. List the prime factors of z.
2, 17
Let v(x) be the third derivative of 2*x**5 - x**4/24 - 50*x**2. List the prime factors of v(1).
7, 17
Let o = -2637 + 1418. Let d = -782 - o. List the prime factors of d.
19, 23
Suppose -t = 2*g - 15482, 15488 = t + 152*g - 151*g. What are the prime factors of t?
2, 61, 127
Let l be (-3 + 3103)*(-4 + (-3